rime factors of 7348.
2, 11, 167
List the prime factors of 948.
2, 3, 79
List the prime factors of 41886.
2, 3, 13, 179
List the prime factors of 3878.
2, 7, 277
What are the prime factors of 40659?
3, 13553
List the prime factors of 8538.
2, 3, 1423
List the prime factors of 6559.
7, 937
What are the prime factors of 157469?
13, 12113
List the prime factors of 12228.
2, 3, 1019
List the prime factors of 5472.
2, 3, 19
List the prime factors of 1428.
2, 3, 7, 17
List the prime factors of 12904.
2, 1613
List the prime factors of 7449.
3, 13, 191
List the prime factors of 12327.
3, 7, 587
List the prime factors of 781.
11, 71
List the prime factors of 16631.
16631
What are the prime factors of 4675?
5, 11, 17
What are the prime factors of 2329?
17, 137
What are the prime factors of 2018?
2, 1009
List the prime factors of 831.
3, 277
List the prime factors of 22769.
22769
List the prime factors of 1232.
2, 7, 11
List the prime factors of 73151.
13, 17, 331
What are the prime factors of 17995?
5, 59, 61
What are the prime factors of 308?
2, 7, 11
What are the prime factors of 24092?
2, 19, 317
List the prime factors of 4901.
13, 29
List the prime factors of 662.
2, 331
What are the prime factors of 783?
3, 29
What are the prime factors of 2498?
2, 1249
List the prime factors of 9151.
9151
List the prime factors of 103781.
59, 1759
What are the prime factors of 6265?
5, 7, 179
List the prime factors of 26143.
13, 2011
List the prime factors of 963.
3, 107
List the prime factors of 8728.
2, 1091
What are the prime factors of 22618?
2, 43, 263
List the prime factors of 4733.
4733
What are the prime factors of 36995?
5, 7, 151
What are the prime factors of 547?
547
What are the prime factors of 1468?
2, 367
What are the prime factors of 9107?
7, 1301
List the prime factors of 15281.
7, 37, 59
List the prime factors of 1576.
2, 197
List the prime factors of 5808.
2, 3, 11
What are the prime factors of 5690?
2, 5, 569
What are the prime factors of 51678?
2, 3, 11, 29
List the prime factors of 1046.
2, 523
What are the prime factors of 48406?
2, 24203
What are the prime factors of 2065?
5, 7, 59
What are the prime factors of 95711?
7, 11, 113
List the prime factors of 1612.
2, 13, 31
What are the prime factors of 762?
2, 3, 127
What are the prime factors of 13461?
3, 7, 641
What are the prime factors of 11820?
2, 3, 5, 197
List the prime factors of 2583.
3, 7, 41
List the prime factors of 7465.
5, 1493
What are the prime factors of 2859?
3, 953
List the prime factors of 2074.
2, 17, 61
What are the prime factors of 359?
359
What are the prime factors of 18963?
3, 7, 43
What are the prime factors of 5546?
2, 47, 59
What are the prime factors of 5580?
2, 3, 5, 31
List the prime factors of 888.
2, 3, 37
List the prime factors of 647.
647
What are the prime factors of 828?
2, 3, 23
What are the prime factors of 12208?
2, 7, 109
What are the prime factors of 976?
2, 61
List the prime factors of 58861.
11, 5351
What are the prime factors of 3878?
2, 7, 277
What are the prime factors of 150600?
2, 3, 5, 251
List the prime factors of 89.
89
List the prime factors of 1687.
7, 241
List the prime factors of 25379.
41, 619
List the prime factors of 120773.
23, 59, 89
What are the prime factors of 6645?
3, 5, 443
What are the prime factors of 7472?
2, 467
What are the prime factors of 1999?
1999
What are the prime factors of 9516?
2, 3, 13, 61
List the prime factors of 9314.
2, 4657
What are the prime factors of 79031?
79031
List the prime factors of 5492.
2, 1373
What are the prime factors of 72410?
2, 5, 13, 557
List the prime factors of 2113.
2113
What are the prime factors of 2122?
2, 1061
What are the prime factors of 35616?
2, 3, 7, 53
What are the prime factors of 3383?
17, 199
What are the prime factors of 4660?
2, 5, 233
List the prime factors of 195.
3, 5, 13
List the prime factors of 1131.
3, 13, 29
What are the prime factors of 4938?
2, 3, 823
List the prime factors of 6652.
2, 1663
What are the prime factors of 40340?
2, 5, 2017
What are the prime factors of 1105?
5, 13, 17
List the prime factors of 407.
11, 37
What are the prime factors of 2654?
2, 1327
What are the prime factors of 8469?
3, 941
List the prime factors of 5860.
2, 5, 293
What are the prime factors of 112117?
191, 587
List the prime factors of 6258.
2, 3, 7, 149
List the prime factors of 10236.
2, 3, 853
List the prime factors of 2672.
2, 167
What are the prime factors of 8181?
3, 101
List the prime factors of 79173.
3, 19, 463
List the prime factors of 47.
47
List the prime factors of 2745.
3, 5, 61
List the prime factors of 2157.
3, 719
What are the prime factors of 7327?
17, 431
What are the prime factors of 433?
433
List the prime factors of 6251.
7, 19, 47
List the prime factors of 471.
3, 157
What are the prime factors of 3529?
3529
What are the prime factors of 793?
13, 61
What are the prime factors of 15071?
7, 2153
List the prime factors of 1205.
5, 241
What are the prime factors of 1445?
5, 17
List the prime factors of 10388.
2, 7, 53
List the prime factors of 3763.
53, 71
List the prime factors of 1035.
3, 5, 23
List the prime factors of 153802.
2, 11, 6991
What are the prime factors of 515?
5, 103
List the prime factors of 697.
17, 41
What are the prime factors of 238?
2, 7, 17
List the prime factors of 17098.
2, 83, 103
List the prime factors of 4807.
11, 19, 23
List the prime factors of 84401.
84401
List the prime factors of 188.
2, 47
List the prime factors of 158773.
179, 887
List the prime factors of 51421.
51421
List the prime factors of 397.
397
List the prime factors of 3774.
2, 3, 17, 37
What are the prime factors of 1951?
1951
List the prime factors of 108747.
3, 43, 281
What are the prime factors of 251?
251
What are the prime factors of 387?
3, 43
List the prime factors of 2320.
2, 5, 29
What are the prime factors of 2501?
41, 61
List the prime factors of 75088.
2, 13, 19
What are the prime factors of 2519?
11, 229
List the prime factors of 34865.
5, 19, 367
What are the prime factors of 8555?
5, 29, 59
List the prime factors of 2.
2
What are the prime factors of 1832?
2, 229
What are the prime factors of 17559?
3, 1951
List the prime factors of 864.
2, 3
What are the prime factors of 12418?
2, 7, 887
List the prime factors of 23685.
3, 5, 1579
List the prime factors of 2112.
2, 3, 11
What are the prime factors of 23101?
13, 1777
What are the prime factors of 4704?
2, 3, 7
List the prime factors of 5466.
2, 3, 911
List the prime factors of 47818.
2, 23909
List the prime factors of 3162.
2, 3, 17, 31
What are the prime factors of 3099?
3, 1033
What are the prime factors of 4924?
2, 1231
What are the prime factors of 1116?
2, 3, 31
List the prime factors of 32817.
3, 10939
What are the prime factors of 100?
2, 5
List the prime factors of 8750.
2, 5, 7
List the prime factors of 136240.
2, 5, 13, 131
List the prime factors of 30248.
2, 19, 199
List the prime factors of 1908.
2, 3, 53
What are the prime factors of 12691?
7, 37
What are the prime factors of 18639?
3, 19, 109
What are the prime factors of 1397?
11, 127
What are the prime factors of 284?
2, 71
List the prime factors of 5676.
2, 3, 11, 43
List the prime factors of 146080.
2, 5, 11, 83
What are the prime factors of 2934?
2, 3, 163
What are the prime factors of 4932?
2, 3, 137
What are the prime factors of 7567?
7, 23, 47
What are the prime factors of 2743?
13, 211
List the prime factors of 2213.
2213
What are the prime factors of 31658?
2, 11, 1439
What are the prime factors of 44690?
2, 5, 41, 109
List the prime factors of 2438.
2, 23, 53
List the prime factors of 924.
2, 3, 7, 11
List the prime factors of 56001.
3, 11, 1697
What are the prime factors of 107109?
3, 3967
List the prime factors of 2007.
3, 223
What are the prime factors of 3984?
2, 3, 83
List the prime factors of 65414.
2, 32707
What are the prime factors of 1386?
2, 3, 7, 11
List the prime factors of 301.
7, 43
What are the prime factors of 324?
2, 3
List the prime factors of 2923.
37, 79
List the prime factors of 7710.
2, 3, 5, 257
List the prime factors of 13956.
2, 3, 1163
List the prime factors of 87374.
2, 7, 79
What are the prime factors of 55776?
2, 3, 7, 83
List the prime factors of 12838.
2, 7, 131
List the prime factors of 996